 = -r*x - 3*x. What is the remainder when x is divided by 11?
8
Let w = 271 + -257. Suppose w*o - 1571 = 1271. What is the remainder when o is divided by 28?
7
Calculate the remainder when (120/28 - 4) + 71361/63 is divided by 88.
77
Let v(b) = b**2 - 12*b + 11. Let s be v(7). Let m = s - -289. Suppose 7*y - m = 2*y. Calculate the remainder when y is divided by 11.
9
Calculate the remainder when 3*(-672)/(-9) - -12 is divided by 120.
116
Let j(b) = -2*b**3 - 5*b**2 - 15*b + 327. Calculate the remainder when j(0) is divided by 54.
3
Let o = -28400 - -28416. What is the remainder when ((-62)/5)/((-3)/15) is divided by o?
14
Suppose -3732 = -14*n - 148. Calculate the remainder when n is divided by 75.
31
Let k(t) = t**3 - 4*t**2 - 11*t + 12. Calculate the remainder when 287/2*24*9/378 is divided by k(6).
10
Suppose -5*p + 2 = -8. What is the remainder when (0 - p)/(2/(-88)*2) is divided by 15?
14
Calculate the remainder when ((-3912)/(-84) - -10)/(6/189) is divided by 26.
14
Let m = 11760 - 11573. Calculate the remainder when 562 is divided by m.
1
What is the remainder when 618 is divided by 1 + 88 + ((-540)/30 - -19)?
78
Let i = 2103 - 1978. Calculate the remainder when 463 is divided by i.
88
Suppose -4*a + 0*a + 3*a = -115. Calculate the remainder when 534 is divided by a.
74
Let x(h) = -10*h - 98. Let q = -112 + 101. Calculate the remainder when x(q) is divided by 7.
5
Suppose 3*u + 4*u - 35 = 0. Suppose -u*q + q + 12 = 0. Suppose 0*g + 355 = 4*g - m, q*g - 267 = m. What is the remainder when g is divided by 30?
28
Let f(j) = -11*j - 5. Let y be f(4). Let x = -34 - y. Suppose 0 = -2*m + 3*i - 19 + 120, -5*m + 265 = -5*i. What is the remainder when m is divided by x?
13
Suppose -41137 = -4*s - 40581. Calculate the remainder when 2778 is divided by s.
137
Suppose -t + 5 = -c, 3*t = 2*c - 6*c - 13. Let m be (t/(-3))/(3/(-18)). Suppose -u + 63 = m*u. What is the remainder when 60 is divided by u?
18
Let x = 24503 - 13080. What is the remainder when x is divided by 204?
203
Let z(x) = 3*x**2 + 21*x. Suppose -2*t + 68 = t - 4*g, 4*t - 86 = 3*g. What is the remainder when (-946)/(-10) - (-8)/t is divided by z(-8)?
23
Calculate the remainder when 8*335*2 + -24 + 85/5 is divided by 153.
151
Suppose -78 = -4*l - 26. Suppose -l*p = -7*p - 12. Suppose 25 = p*z - 5*f, -3 = -2*z - 5*f - 8. What is the remainder when z is divided by 4?
1
Let u be ((-2)/(-3))/((-10)/(-2880)). Suppose -2*d - u = -5*g, -480 = 2*d + 3*d - 3*g. Let i = -72 - d. What is the remainder when 94 is divided by i?
22
Let z(v) = -2*v**3 - 2*v**2 + 34*v + 87. Calculate the remainder when z(-7) is divided by 47.
14
What is the remainder when 642 is divided by (-13 - -8)*(-3 - -2)?
2
Let a = 5 + 15. Let o(j) = -620*j + 74. Calculate the remainder when o(0) is divided by a.
14
Suppose 3*h = -t + 1568, -35*t - 560 = -h - 30*t. What is the remainder when h is divided by 6?
3
Suppose -25*a - 11*a = -1296. Calculate the remainder when a is divided by ((-152)/24 + 6)/(1/(-18)).
0
Let b be (-402)/(((-105)/(-14))/(-15)). Suppose 12*q - b = 6*q. Calculate the remainder when q is divided by 15.
14
Let g = 72 + -72. Suppose 32*k - 39*k + 315 = g. What is the remainder when 88 is divided by k?
43
Suppose 37*c - 41*c + 4*a = -3840, 0 = -4*c - 3*a + 3805. What is the remainder when c is divided by 10?
5
Suppose -5 = -d - 13. Let q be (-92)/6 + (2 - d/(-3)). Let n = q - -23. Calculate the remainder when 18 is divided by n.
4
Let b(f) = 7*f + 98. Let j be b(0). Suppose 12*w + j = 266. Suppose z - 26 = 29. Calculate the remainder when z is divided by w.
13
Let u(l) = 12*l + 192. Let b be u(-16). Suppose -642 - 712 = -5*d + 4*m, b = 2*d - 4*m - 532. What is the remainder when d is divided by 47?
39
Suppose 3*o + 4*l = 452, -3*l = 2*o - 142 - 160. Calculate the remainder when o is divided by 15.
13
Suppose -x - 3*h = -49, -3*x - 3*h = -155 + 38. Suppose -126 + x = -3*k - 4*p, 5*k + 5*p = 150. What is the remainder when 53 is divided by k?
25
Suppose -4*h - h - 3*r = -2032, 3*r = h - 410. Let v = h + -300. Calculate the remainder when v is divided by 28.
23
Let b be 1*(-24)/16 + (-1227)/(-6). Suppose 0 = -b*v + 199*v + 120. What is the remainder when 57 is divided by v?
27
Let h(j) = -265*j - 8735. Let b = 490 + 249. Calculate the remainder when b is divided by h(-33).
9
Suppose -5*c = 3*q - 818, 0 = -c + 2*q - 7*q + 190. What is the remainder when 648 is divided by c?
8
Let f = 3274 - 3168. Calculate the remainder when f is divided by 28.
22
Let h(r) = -8*r - 6*r**2 - 15 + 5*r**2 + 3. Let u be h(-4). What is the remainder when (7 + 1)*((-28)/8 + u) is divided by 3?
1
Let r = 13747 - 13569. Calculate the remainder when r is divided by 24.
10
Let j = 8953 + -8849. What is the remainder when 3326 is divided by j?
102
Let v(j) = -2*j**2 + 638*j + 4578. Calculate the remainder when (-160)/(-6) + (-4)/6 is divided by v(326).
12
Suppose -25 = -5*m, 0 = -4*k - 4*m - m + 421. Let v = -19 - -32. What is the remainder when k is divided by v?
8
Let u = -342 + 371. Calculate the remainder when 152 is divided by u.
7
Let d(k) be the first derivative of -9*k**4/4 - 2*k**3/3 + k**2/2 - 2*k - 184. What is the remainder when d(-4) is divided by 36?
34
Suppose f + 69 = 2*y, -2*y + 42 = -5*f - 47. Calculate the remainder when 25532 is divided by y.
28
Suppose 268 + 208 = 34*y. Calculate the remainder when 2802 is divided by y.
2
Suppose 3 = n - 5. Let q = -744 - -746. Suppose 5*b = 3*t + 2 + 3, -q*t = -5*b + 10. Calculate the remainder when n is divided by t.
3
Let u(b) = -12*b + 28*b + 2 - 17*b. Let t be u(0). Suppose t*y = 3*y + w - 13, 3*y - 39 = -2*w. What is the remainder when 102 is divided by y?
11
Suppose 48*s = 46*s + 4*q + 568, -1405 = -5*s + 5*q. Let b(v) = -28*v**3 - v**2 - 2*v - 1. What is the remainder when s is divided by b(-1)?
26
Suppose -3*p = -g + 71, 3*p - g - g = -67. What is the remainder when 73 is divided by 4 - -1 - (11 + p)?
16
Suppose -4*f - 22 = -2*j + 26, 5*j = 5*f + 105. Let y = 87 - j. Suppose 14*k - 83 + 25 = 20 + 258. Calculate the remainder when y is divided by k.
21
Let v = 1102 + -1093. Let h be 2 + (2 - 2 - -1). Suppose -h*g - 53 = -4*g. What is the remainder when g is divided by v?
8
What is the remainder when 848 is divided by (-14)/((-952)/(-51))*-284?
209
Suppose 0 = 10*s - 3022 - 908. Suppose -15 = 7*o - s. Calculate the remainder when 268 is divided by o.
52
Suppose l - 438 = 3*f + 424, -2*l = -f - 284. Calculate the remainder when 41 is divided by (9/12)/(-4*3/f).
5
Let a = 19 + 8. Suppose -3*c + 0*c - x = -13, -5*x = 2*c + 13. Suppose -c*t + 635 = 167. Calculate the remainder when t is divided by a.
24
Suppose -26 = -6*a + 10. Suppose a*w - 42 = 4*w. Let p(j) = j**3 + 7*j**2 + 2*j - 5. Calculate the remainder when p(-5) is divided by w.
14
Suppose 53 = 20*t - 27. Suppose t*f - 3*k = 139, -3*f - k - 145 = -7*f. Calculate the remainder when 217 is divided by f.
32
Suppose 3*m + 124 = 148. What is the remainder when 26 is divided by (-9)/(-24) - (-69)/m?
8
Let u be 5/3 + -1 + 424/(-24). Let p be 1*-4 + -14 + u. Let h = p + 82. Calculate the remainder when h is divided by 14.
5
Suppose 9578*y = 9581*y - 453 - 105. Calculate the remainder when 3902 is divided by y.
182
Let z(q) = -q**2 + 74. What is the remainder when 319 is divided by z(8)?
9
Suppose -26*d = -10*d - 128. What is the remainder when (29 - (-3 + 4)) + 8/d is divided by 11?
7
Suppose -69 = -3*i + 3*h, 0*i = -3*i - 4*h + 97. Calculate the remainder when 19358 is divided by i.
26
Let y(h) = 8*h. Let n = -57 - -59. What is the remainder when y(3) is divided by (24 + n)*(-6)/(-12)?
11
Let d = 64 - 61. Suppose 4*k = 5*z - 145, z = 4*z + d*k - 87. What is the remainder when 346 is divided by z?
27
Let v = -2330 + 2360. Calculate the remainder when 747 is divided by v.
27
Calculate the remainder when (-6)/22 + (-4686297)/(-2541) is divided by 28.
24
Let q(w) = w**2 - 3*w + 37. What is the remainder when (-6555)/225*-5 + 2/(-3) is divided by q(0)?
34
Let n(y) = y**3 - 15*y**2 + 6*y - 13. Let g be n(17). Let i = g - 623. Calculate the remainder when 58 is divided by i.
14
Let o be -48 - 2 - (-4)/4. Suppose 0*n + 268 = 4*h - 5*n, h + 5*n - 92 = 0. Let s = o + h. What is the remainder when 157 is divided by s?
19
Let w = -2468 - 